{"id":370,"date":"2015-10-22T04:04:43","date_gmt":"2015-10-22T04:04:43","guid":{"rendered":"https:\/\/motors.stylemixthemes.com\/demo\/?page_id=370"},"modified":"2023-10-20T23:46:08","modified_gmt":"2023-10-20T23:46:08","slug":"a-propos","status":"publish","type":"page","link":"https:\/\/ve.simonandre.ca\/?page_id=370","title":{"rendered":"\u00c0 propos"},"content":{"rendered":"<section class=\"wpb-content-wrapper\"><p>[vc_row css=\u00a0\u00bb.vc_custom_1445496852478{margin-top: 40px !important;margin-bottom: 51px !important;}\u00a0\u00bb][vc_column width=\u00a0\u00bb1\/2&Prime; el_class=\u00a0\u00bbstm-col-pad-right\u00a0\u00bb][vc_single_image image=\u00a0\u00bb1404&Prime; img_size=\u00a0\u00bbfull\u00a0\u00bb stm_fancybox=\u00a0\u00bbyes\u00a0\u00bb css=\u00a0\u00bb.vc_custom_1596734025066{margin-bottom: 35px !important;}\u00a0\u00bb][\/vc_column][vc_column width=\u00a0\u00bb1\/2&Prime; el_class=\u00a0\u00bbstm-col-pad-left\u00a0\u00bb][vc_empty_space][vc_column_text]<\/p>\n<h3 style=\"margin-bottom: 18px;\">BIENVENUE DANS LA <span style=\"color: #e83936;\">FAMILLE<\/span><\/h3>\n<h5 style=\"margin-bottom: 22px;\">Merci de vouloir en apprendre plus sur nous! Chez V\u00e9hicules \u00e9lectriques Simon Andr\u00e9, une exp\u00e9rience d&rsquo;achat sans stress vous attend.<\/h5>\n<p>La recherche d&rsquo;un v\u00e9hicule \u00e9lectrique peut \u00eatre longue et complexe.\u00a0 Vous avez des attentes \u00e9lev\u00e9es face au rendement de votre nouvelle voiture. Comme c&rsquo;est un achat tr\u00e8s important, nous consid\u00e9rons que vous devriez avoir des attentes tout aussi \u00e9lev\u00e9es face \u00e0 la concession qui vous conseille. Laissez-nous d\u00e9passer vos attentes.<\/p>\n<p><span style=\"color: #888888;\"><em>\u00a0\u2014 Alissa Andr\u00e9, Directrice RH &amp; Marketing<\/em><\/span>[\/vc_column_text][\/vc_column][\/vc_row][vc_row css=\u00a0\u00bb.vc_custom_1445594570930{margin-bottom: 83px !important;}\u00a0\u00bb][vc_column width=\u00a0\u00bb1\/2&Prime; el_class=\u00a0\u00bbstm-col-pad-right\u00a0\u00bb][vc_empty_space][vc_column_text css=\u00a0\u00bb.vc_custom_1596735042169{margin-bottom: 23px !important;}\u00a0\u00bb]<\/p>\n<h3>POURQUOI NOUS CHOISIR?<\/h3>\n<p>[\/vc_column_text][vc_separator css=\u00a0\u00bb.vc_custom_1445496980428{margin-bottom: 19px !important;}\u00a0\u00bb][vc_column_text css=\u00a0\u00bb.vc_custom_1596735195866{margin-bottom: 24px !important;}\u00a0\u00bb]<span style=\"color: #888888; font-size: 13px;\">Le plus important pour nous c&rsquo;est de bien vous conseiller et vous accompagner. Que ce soit pour l&rsquo;achat d&rsquo;une voiture \u00e9lectrique ou pour la r\u00e9paration de celle-ci, notre \u00e9quipe hyper sp\u00e9cialis\u00e9e se fera un plaisir et un devoir d&rsquo;\u00eatre l\u00e0 pour vous.<\/span>[\/vc_column_text][vc_column_text]<\/p>\n<ul class=\"list-style-1\">\n<li>Un d\u00e9partement des ventes et du financement sans stress.<\/li>\n<li>Un grand choix de v\u00e9hicules \u00e9lectriques.<\/li>\n<li>Une \u00e9quipe qui connait son affaire.<\/li>\n<li>Une formation compl\u00e8te offerte avec chaque livraison de v\u00e9hicule.<\/li>\n<li>Toujours de la nouveaut\u00e9, toujours plus d&rsquo;innovation.<\/li>\n<\/ul>\n<p>[\/vc_column_text][\/vc_column][vc_column width=\u00a0\u00bb1\/2&Prime; el_class=\u00a0\u00bbstm-col-pad-left\u00a0\u00bb][vc_single_image image=\u00a0\u00bb1434&Prime; img_size=\u00a0\u00bb400&#215;425&Prime; alignment=\u00a0\u00bbcenter\u00a0\u00bb stm_fancybox=\u00a0\u00bbyes\u00a0\u00bb css=\u00a0\u00bb.vc_custom_1603816318971{margin-bottom: 35px !important;}\u00a0\u00bb][\/vc_column][\/vc_row][vc_row full_width=\u00a0\u00bbstretch_row\u00a0\u00bb css=\u00a0\u00bb.vc_custom_1445583749143{margin-bottom: 83px !important;padding-top: 48px !important;padding-bottom: 31px !important;background-color: #232628 !important;}\u00a0\u00bb][vc_column][vc_custom_heading text=\u00a0\u00bbPHOTOS\u00a0\u00bb font_container=\u00a0\u00bbtag:h2|text_align:center|color:%23ffffff\u00a0\u00bb use_theme_fonts=\u00a0\u00bbyes\u00a0\u00bb][stm_color_separator css=\u00a0\u00bb.vc_custom_1445510911464{margin-top: 17px !important;margin-bottom: 25px !important;}\u00a0\u00bb][stm_carousel image_size=\u00a0\u00bb270&#215;180&Prime; images=\u00a0\u00bb1412,1413,1414,1416,1417&Prime;][\/vc_column][\/vc_row][vc_row][vc_column width=\u00a0\u00bb1\/2&Prime; el_class=\u00a0\u00bbstm-col-pad-right\u00a0\u00bb css=\u00a0\u00bb.vc_custom_1445583873131{margin-bottom: 35px !important;}\u00a0\u00bb][vc_custom_heading text=\u00a0\u00bbNOUS SOMMES L\u00c0 POUR VOUS\u00a0\u00bb font_container=\u00a0\u00bbtag:h3|text_align:left\u00a0\u00bb use_theme_fonts=\u00a0\u00bbyes\u00a0\u00bb css=\u00a0\u00bb.vc_custom_1596742706603{margin-bottom: 24px !important;}\u00a0\u00bb][vc_tta_accordion c_icon=\u00a0\u00bbchevron\u00a0\u00bb active_section=\u00a0\u00bb1&Prime;][vc_tta_section i_icon_fontawesome=\u00a0\u00bbstm-icon-car_sale\u00a0\u00bb add_icon=\u00a0\u00bbtrue\u00a0\u00bb title=\u00a0\u00bbVoulez-vous vendre votre voiture?\u00a0\u00bb tab_id=\u00a0\u00bb1445577012477-c2089919-d41f\u00a0\u00bb][vc_column_text]Que vaut votre voiture? B\u00e9n\u00e9ficiez de la meilleure valeur pour votre v\u00e9hicule d&rsquo;\u00e9change. Nous achetons les voitures \u00e9lectriques mais aussi \u00e0 essence. Envoyez-nous un courriel avec les informations sur votre voiture au ve@simonandre.ca[\/vc_column_text][\/vc_tta_section][vc_tta_section i_icon_fontawesome=\u00a0\u00bbstm-icon-key\u00a0\u00bb add_icon=\u00a0\u00bbtrue\u00a0\u00bb title=\u00a0\u00bbQuelle est la meilleure voiture \u00e9lectrique?\u00a0\u00bb tab_id=\u00a0\u00bb1445577012778-7f50c834-615e\u00a0\u00bb][vc_column_text]C&rsquo;est celle qui r\u00e9pond \u00e0 vos besoins. Nous sommes l\u00e0 pour d\u00e9terminer vos besoins et trouver la voiture qui convient parfaitement \u00e0 votre style de vie![\/vc_column_text][\/vc_tta_section][vc_tta_section i_icon_fontawesome=\u00a0\u00bbstm-icon-gear\u00a0\u00bb add_icon=\u00a0\u00bbtrue\u00a0\u00bb title=\u00a0\u00bbComment prendre rendez-vous au service?\u00a0\u00bb tab_id=\u00a0\u00bb1445577154864-e8053705-41fb\u00a0\u00bb][vc_column_text]Oui! Nous pouvons effectuer toutes r\u00e9parations ou modification hors garantie. Nous vendons des accessoires, installons des pneus, etc! 819-373-1070 pour toutes questions ou rendez-vous ![\/vc_column_text][\/vc_tta_section][\/vc_tta_accordion][\/vc_column][vc_column width=\u00a0\u00bb1\/2&Prime; el_class=\u00a0\u00bbstm-col-pad-left\u00a0\u00bb css=\u00a0\u00bb.vc_custom_1445583880769{margin-bottom: 35px !important;}\u00a0\u00bb][vc_custom_heading text=\u00a0\u00bbT\u00c9MOIGNAGES DE CLIENTS\u00a0\u00bb font_container=\u00a0\u00bbtag:h3|text_align:left\u00a0\u00bb use_theme_fonts=\u00a0\u00bbyes\u00a0\u00bb css=\u00a0\u00bb.vc_custom_1596743797764{margin-bottom: 24px !important;}\u00a0\u00bb][stm_testimonials][stm_testimonial image=\u00a0\u00bb1420&Prime; author=\u00a0\u00bbPascale Jutras\u00a0\u00bb author_car=\u00a0\u00bbChevrolet Spark EV 2015&Prime;]<\/p>\n<h5>Service exceptionnel!<\/h5>\n<p>Bel accueil, explication claire, m\u00eame pour une personne qui ne connaissait rien aux voitures \u00e9lectriques. Aucune question n&rsquo;est rest\u00e9 sans r\u00e9ponse. J&rsquo;ai achet\u00e9 ma voiture, et j&rsquo;avais des questionnements par la suite. Je suis retourn\u00e9e 3-4 fois poser des questions et je suis aussi bien accueillie qu&rsquo;avant mon achat. Pour eux le service \u00e0 la client\u00e8le est la base et ce n&rsquo;est pas juste des \u00e9crits, ces dans chacun de leurs gestes, paroles etc. Fi\u00e8re d&rsquo;avoir achet\u00e9 une voiture \u00e9lectrique et encore plus fi\u00e8re de l&rsquo;avoir achet\u00e9 d&rsquo;une entreprise familiale connue de la r\u00e9gion.[\/stm_testimonial][stm_testimonial image=\u00a0\u00bb1419&Prime; author=\u00a0\u00bbBrigitte Bouchard\u00a0\u00bb author_car=\u00a0\u00bbChevrolet Volt 2016&Prime;]<\/p>\n<h5>Tr\u00e8s bien accueillis. J&rsquo;ai achet\u00e9 mon v\u00e9hicule l\u00e0-bas!<\/h5>\n<p>Une service client impeccable, soucieux et sans pression!! Merci beaucoup.<\/p>\n<p>[\/stm_testimonial][stm_testimonial image=\u00a0\u00bb1424&Prime; author=\u00a0\u00bbKaryn Lebrun\u00a0\u00bb author_car=\u00a0\u00bbHyundai Kona EV 2019&Prime;]Excellent service! Personnel courtois et tr\u00e8s honn\u00eate.[\/stm_testimonial][\/stm_testimonials][\/vc_column][\/vc_row]<\/p>\n<\/section>","protected":false},"excerpt":{"rendered":"<p>[vc_row css=\u00a0\u00bb.vc_custom_1445496852478{margin-top: 40px !important;margin-bottom: 51px !important;}\u00a0\u00bb][vc_column width=\u00a0\u00bb1\/2&Prime; el_class=\u00a0\u00bbstm-col-pad-right\u00a0\u00bb][vc_single_image image=\u00a0\u00bb1404&Prime; img_size=\u00a0\u00bbfull\u00a0\u00bb stm_fancybox=\u00a0\u00bbyes\u00a0\u00bb css=\u00a0\u00bb.vc_custom_1596734025066{margin-bottom: 35px !important;}\u00a0\u00bb][\/vc_column][vc_column width=\u00a0\u00bb1\/2&Prime; el_class=\u00a0\u00bbstm-col-pad-left\u00a0\u00bb][vc_empty_space][vc_column_text] BIENVENUE DANS LA FAMILLE Merci de vouloir en apprendre plus sur nous! Chez V\u00e9hicules \u00e9lectriques Simon Andr\u00e9, une exp\u00e9rience d&rsquo;achat sans stress vous attend. La recherche d&rsquo;un v\u00e9hicule \u00e9lectrique peut \u00eatre longue et complexe.\u00a0 Vous avez des attentes \u00e9lev\u00e9es&#8230;<\/p>\n","protected":false},"author":1,"featured_media":0,"parent":0,"menu_order":0,"comment_status":"closed","ping_status":"closed","template":"","meta":{"_acf_changed":false,"footnotes":""},"class_list":["post-370","page","type-page","status-publish","hentry"],"acf":[],"_links":{"self":[{"href":"https:\/\/ve.simonandre.ca\/index.php?rest_route=\/wp\/v2\/pages\/370","targetHints":{"allow":["GET"]}}],"collection":[{"href":"https:\/\/ve.simonandre.ca\/index.php?rest_route=\/wp\/v2\/pages"}],"about":[{"href":"https:\/\/ve.simonandre.ca\/index.php?rest_route=\/wp\/v2\/types\/page"}],"author":[{"embeddable":true,"href":"https:\/\/ve.simonandre.ca\/index.php?rest_route=\/wp\/v2\/users\/1"}],"replies":[{"embeddable":true,"href":"https:\/\/ve.simonandre.ca\/index.php?rest_route=%2Fwp%2Fv2%2Fcomments&post=370"}],"version-history":[{"count":21,"href":"https:\/\/ve.simonandre.ca\/index.php?rest_route=\/wp\/v2\/pages\/370\/revisions"}],"predecessor-version":[{"id":5551,"href":"https:\/\/ve.simonandre.ca\/index.php?rest_route=\/wp\/v2\/pages\/370\/revisions\/5551"}],"wp:attachment":[{"href":"https:\/\/ve.simonandre.ca\/index.php?rest_route=%2Fwp%2Fv2%2Fmedia&parent=370"}],"curies":[{"name":"wp","href":"https:\/\/api.w.org\/{rel}","templated":true}]}}

À propos

<section class="wpb-content-wrapper"><p>[vc_row css= ».vc_custom_1445496852478{margin-top: 40px !important;margin-bottom: 51px !important;} »][vc_column width= »1/2&Prime; el_class= »stm-col-pad-right »][vc_single_image image= »1404&Prime; img_size= »full » stm_fancybox= »yes » css= ».vc_custom_1596734025066{margin-bottom: 35px !important;} »][/vc_column][vc_column width= »1/2&Prime; el_class= »stm-col-pad-left »][vc_empty_space][vc_column_text]</p>
<h3 style="margin-bottom: 18px;">BIENVENUE DANS LA <span style="color: #e83936;">FAMILLE</span></h3>
<h5 style="margin-bottom: 22px;">Merci de vouloir en apprendre plus sur nous! Chez Véhicules électriques Simon André, une expérience d&rsquo;achat sans stress vous attend.</h5>
<p>La recherche d&rsquo;un véhicule électrique peut être longue et complexe.  Vous avez des attentes élevées face au rendement de votre nouvelle voiture. Comme c&rsquo;est un achat très important, nous considérons que vous devriez avoir des attentes tout aussi élevées face à la concession qui vous conseille. Laissez-nous dépasser vos attentes.</p>
<p><span style="color: #888888;"><em> — Alissa André, Directrice RH &amp; Marketing</em></span>[/vc_column_text][/vc_column][/vc_row][vc_row css= ».vc_custom_1445594570930{margin-bottom: 83px !important;} »][vc_column width= »1/2&Prime; el_class= »stm-col-pad-right »][vc_empty_space][vc_column_text css= ».vc_custom_1596735042169{margin-bottom: 23px !important;} »]</p>
<h3>POURQUOI NOUS CHOISIR?</h3>
<p>[/vc_column_text][vc_separator css= ».vc_custom_1445496980428{margin-bottom: 19px !important;} »][vc_column_text css= ».vc_custom_1596735195866{margin-bottom: 24px !important;} »]<span style="color: #888888; font-size: 13px;">Le plus important pour nous c&rsquo;est de bien vous conseiller et vous accompagner. Que ce soit pour l&rsquo;achat d&rsquo;une voiture électrique ou pour la réparation de celle-ci, notre équipe hyper spécialisée se fera un plaisir et un devoir d&rsquo;être là pour vous.</span>[/vc_column_text][vc_column_text]</p>
<ul class="list-style-1">
<li>Un département des ventes et du financement sans stress.</li>
<li>Un grand choix de véhicules électriques.</li>
<li>Une équipe qui connait son affaire.</li>
<li>Une formation complète offerte avec chaque livraison de véhicule.</li>
<li>Toujours de la nouveauté, toujours plus d&rsquo;innovation.</li>
</ul>
<p>[/vc_column_text][/vc_column][vc_column width= »1/2&Prime; el_class= »stm-col-pad-left »][vc_single_image image= »1434&Prime; img_size= »400&#215;425&Prime; alignment= »center » stm_fancybox= »yes » css= ».vc_custom_1603816318971{margin-bottom: 35px !important;} »][/vc_column][/vc_row][vc_row full_width= »stretch_row » css= ».vc_custom_1445583749143{margin-bottom: 83px !important;padding-top: 48px !important;padding-bottom: 31px !important;background-color: #232628 !important;} »][vc_column][vc_custom_heading text= »PHOTOS » font_container= »tag:h2|text_align:center|color:%23ffffff » use_theme_fonts= »yes »][stm_color_separator css= ».vc_custom_1445510911464{margin-top: 17px !important;margin-bottom: 25px !important;} »][stm_carousel image_size= »270&#215;180&Prime; images= »1412,1413,1414,1416,1417&Prime;][/vc_column][/vc_row][vc_row][vc_column width= »1/2&Prime; el_class= »stm-col-pad-right » css= ».vc_custom_1445583873131{margin-bottom: 35px !important;} »][vc_custom_heading text= »NOUS SOMMES LÀ POUR VOUS » font_container= »tag:h3|text_align:left » use_theme_fonts= »yes » css= ».vc_custom_1596742706603{margin-bottom: 24px !important;} »][vc_tta_accordion c_icon= »chevron » active_section= »1&Prime;][vc_tta_section i_icon_fontawesome= »stm-icon-car_sale » add_icon= »true » title= »Voulez-vous vendre votre voiture? » tab_id= »1445577012477-c2089919-d41f »][vc_column_text]Que vaut votre voiture? Bénéficiez de la meilleure valeur pour votre véhicule d&rsquo;échange. Nous achetons les voitures électriques mais aussi à essence. Envoyez-nous un courriel avec les informations sur votre voiture au ve@simonandre.ca[/vc_column_text][/vc_tta_section][vc_tta_section i_icon_fontawesome= »stm-icon-key » add_icon= »true » title= »Quelle est la meilleure voiture électrique? » tab_id= »1445577012778-7f50c834-615e »][vc_column_text]C&rsquo;est celle qui répond à vos besoins. Nous sommes là pour déterminer vos besoins et trouver la voiture qui convient parfaitement à votre style de vie![/vc_column_text][/vc_tta_section][vc_tta_section i_icon_fontawesome= »stm-icon-gear » add_icon= »true » title= »Comment prendre rendez-vous au service? » tab_id= »1445577154864-e8053705-41fb »][vc_column_text]Oui! Nous pouvons effectuer toutes réparations ou modification hors garantie. Nous vendons des accessoires, installons des pneus, etc! 819-373-1070 pour toutes questions ou rendez-vous ![/vc_column_text][/vc_tta_section][/vc_tta_accordion][/vc_column][vc_column width= »1/2&Prime; el_class= »stm-col-pad-left » css= ».vc_custom_1445583880769{margin-bottom: 35px !important;} »][vc_custom_heading text= »TÉMOIGNAGES DE CLIENTS » font_container= »tag:h3|text_align:left » use_theme_fonts= »yes » css= ».vc_custom_1596743797764{margin-bottom: 24px !important;} »][stm_testimonials][stm_testimonial image= »1420&Prime; author= »Pascale Jutras » author_car= »Chevrolet Spark EV 2015&Prime;]</p>
<h5>Service exceptionnel!</h5>
<p>Bel accueil, explication claire, même pour une personne qui ne connaissait rien aux voitures électriques. Aucune question n&rsquo;est resté sans réponse. J&rsquo;ai acheté ma voiture, et j&rsquo;avais des questionnements par la suite. Je suis retournée 3-4 fois poser des questions et je suis aussi bien accueillie qu&rsquo;avant mon achat. Pour eux le service à la clientèle est la base et ce n&rsquo;est pas juste des écrits, ces dans chacun de leurs gestes, paroles etc. Fière d&rsquo;avoir acheté une voiture électrique et encore plus fière de l&rsquo;avoir acheté d&rsquo;une entreprise familiale connue de la région.[/stm_testimonial][stm_testimonial image= »1419&Prime; author= »Brigitte Bouchard » author_car= »Chevrolet Volt 2016&Prime;]</p>
<h5>Très bien accueillis. J&rsquo;ai acheté mon véhicule là-bas!</h5>
<p>Une service client impeccable, soucieux et sans pression!! Merci beaucoup.</p>
<p>[/stm_testimonial][stm_testimonial image= »1424&Prime; author= »Karyn Lebrun » author_car= »Hyundai Kona EV 2019&Prime;]Excellent service! Personnel courtois et très honnête.[/stm_testimonial][/stm_testimonials][/vc_column][/vc_row]</p>
</section>

<p>[vc_row css= ».vc_custom_1445496852478{margin-top: 40px !important;margin-bottom: 51px !important;} »][vc_column width= »1/2&Prime; el_class= »stm-col-pad-right »][vc_single_image image= »1404&Prime; img_size= »full » stm_fancybox= »yes » css= ».vc_custom_1596734025066{margin-bottom: 35px !important;} »][/vc_column][vc_column width= »1/2&Prime; el_class= »stm-col-pad-left »][vc_empty_space][vc_column_text] BIENVENUE DANS LA FAMILLE Merci de vouloir en apprendre plus sur nous! Chez Véhicules électriques Simon André, une expérience d&rsquo;achat sans stress vous attend. La recherche d&rsquo;un véhicule électrique peut être longue et complexe.  Vous avez des attentes élevées&#8230;</p>
